 is the tens digit of 79*7 - (b + -5)?
4
Let n = 65 + -28. Suppose -4*v + 26 = 6, 5*v = 4*z + n. What is the units digit of (-2)/(z + (-366)/(-123))?
2
Let z = 2847 + -877. Suppose 0 = -9*c + z + 5950. What is the units digit of c?
0
Suppose -1 = -n + 3*g, -3*n - 36 = -7*n - 4*g. Let p = 172 - n. What is the tens digit of p?
6
Suppose -4*v + 3 + 9 = 0, 8 = -p + 2*v. Let c(s) = -8*s**2 - 7*s - 4. Let i(l) = l**2 - l - 1. Let b(g) = -c(g) + 2*i(g). What is the units digit of b(p)?
2
What is the tens digit of 16/(-136) + (-1)/(17/(-623919))?
0
Suppose 0 = 15*g - 18*g + 6. Suppose q + 7 - 51 = 4*m, 4*q - g*m - 232 = 0. Suppose -l - q = -12*w + 10*w, 0 = -5*w + l + 150. What is the units digit of w?
0
Let z be -6*3/(12/26). Let t = -37 - z. Suppose f - 4*k = 21, t*f + 4 = f - k. What is the units digit of f?
1
Let h(z) be the third derivative of z**5/30 + 5*z**4/12 - 4*z**3/3 - 30*z**2 + 2*z. Let y be (6/9)/((-4)/(-18)). What is the tens digit of h(y)?
4
What is the units digit of 20/(-90) - ((-204632)/36 + 4)?
0
Let o be 116*5/20 - 6. Suppose 3*y = -5*f + 836, f + 4*y + o = 197. What is the units digit of f?
6
Suppose -30*h = -34*h - 72. Let p(z) = -100*z**2 + 1. Let f be p(-1). Let s = h - f. What is the tens digit of s?
8
What is the units digit of (11040/384)/(243/(-974) + 5/20)?
5
Suppose 5*m - 55901 = z, -6381 = -3*m + 2*z + 27168. What is the thousands digit of m?
1
Let m(f) = 383*f**2 + 17*f + 311. What is the hundreds digit of m(-10)?
4
Suppose -8 = 5*x - 2*b - 21, 0 = -2*b + 2. Suppose 0 = 4*k - x*r - 59, 0*k + 2*k - 12 = -2*r. Suppose 12*s - 70 = k*s. What is the units digit of s?
0
Let g(n) be the second derivative of -7*n**3/3 + 63*n**2/2 + 2*n + 4. What is the hundreds digit of g(-27)?
4
Let m = -137 + 288. Let a = m + 80. What is the hundreds digit of a?
2
Let q(l) = -4*l - 8. Let p be q(-1). Let z be 8/1 - p/(-1). Suppose 4*f - z*s = 712, 4*s = 5*f - 319 - 568. What is the hundreds digit of f?
1
Let v be (3/(30/1412))/((-50)/(-625)). Let o = v - 477. What is the units digit of o?
8
Let t(n) = 2*n**2 + 15*n + 4. Let m be t(-3). Let c(f) = 2*f**2 + 33*f - 20. What is the hundreds digit of c(m)?
2
Let b = -66 + 71. Suppose 4*h = 3*v + 668, h - b*h = -5*v - 1116. Let w = v - -352. What is the units digit of w?
8
Suppose h - 4*h - 60 = 2*m, 2*m + 64 = -h. Let x = m + 33. Suppose -5*d - 5*c - 137 + 387 = 0, -3*c - 3 = x. What is the tens digit of d?
5
Let t = 194679 - 130734. What is the thousands digit of t?
3
Let m(d) = 2*d**2 + 16*d + 17. Let y(n) = -9*n**2 - 4*n + 5. Let c be y(1). Let q be m(c). Suppose 272 = -9*b + q*b. What is the units digit of b?
4
Suppose 0 = 5*i - 5*f - 35, -i - 2 = 5*f + 3. Suppose 3*t + i*p = 4*t - 323, -4*t - 4*p = -1412. Let y = t - 201. What is the tens digit of y?
4
Suppose 2*y - 2655 = 537. Suppose n = 5*x + 793, 6*x - x + y = 2*n. What is the hundreds digit of n?
8
Suppose 15*k - 19 = 41. What is the tens digit of k/(-14) - (45552/(-42))/2?
4
Let d = -46088 - -92301. What is the ten thousands digit of d?
4
Suppose -3*y + 19 = -0*k + 4*k, -2*k + 9 = y. Suppose a = -k*m - 0*a + 242, -3*m - 4*a + 188 = 0. What is the tens digit of 8/m + (-1753)/(-15)?
1
What is the units digit of (12952 - 0/(-2)) + (-136 - -136)?
2
Let o(l) = -l + 3. Let a be o(-1). Let i be 2 + -4 - (-488)/a. Suppose 4*h - i = 40. What is the tens digit of h?
4
Suppose 3*a + 3 = 0, -2*j - 5*a + 5433 = -3226. Suppose 5*b = -c + j + 2862, -c = -2*b + 2879. What is the tens digit of b?
3
Suppose -3303*r - 526870 = -3341*r. What is the units digit of r?
5
Let b = 11188 + -7612. Let a = b - 2078. What is the units digit of a?
8
Suppose -2*q + 5663 + 1726 = -3*t, -3*t = 4*q - 14751. What is the tens digit of q?
9
Let v be 616/(1 - -3) - -6. What is the units digit of ((-4096)/v)/(1*4/(-10))?
4
Let p be 3 + -1 - 0*(0 + 1). Suppose -4*h = 3*h + p*h. Suppose -w + 8 = -2*k - 18, -k - 5 = h. What is the tens digit of w?
1
Suppose -96*h + 100*h - 700 = 0. What is the hundreds digit of (-8 + h/(-15))*-69?
3
What is the units digit of (-160)/((-60)/3) - -25135?
3
Let a(n) = -13*n + 62. Let y be a(12). Let w = -87 - y. Suppose -498 = -w*t + 328. What is the tens digit of t?
1
Let w(u) be the first derivative of -2*u**2 + 44*u - 9. Let a be w(10). Suppose -l + 107 = a*i, 4*i + 268 = 3*l + 11. What is the units digit of l?
1
Let b be (9 + 3)/6*194/(-4). Let x(f) = -2*f**2 - 18*f + 11. Let q be x(5). Let j = b - q. What is the tens digit of j?
3
Let z = -56 + 54. Let n be 4 + z/(-2) - (-1 + 3). Suppose -q + n*g - 2*g + 122 = 0, -3*q - 2*g = -351. What is the hundreds digit of q?
1
What is the hundreds digit of -7*(71007/6*4)/((-70)/5)?
6
Suppose 191 = -21*r + 3257. Suppose -f + r = -236. What is the units digit of f?
2
Suppose -29*m + 4530 + 1337061 = -95330. What is the thousands digit of m?
9
Suppose -3*p + 6*h - 80 = -26, -68 = 3*p + h. Suppose -4*m + 6 = 238. Let q = p - m. What is the tens digit of q?
3
Let w be (-1 - 5/(-6)) + (-35)/42. Let j(u) = -14*u**3 + u**2 + u. Let o be j(w). Let t = o + 153. What is the hundreds digit of t?
1
Let h = 248 - 266. What is the hundreds digit of 3 + h/3 + (889 - -2)?
8
Suppose -3*d + 4364 = 11*j - 16*j, 4*d = -3*j - 2601. Let v = 1721 + j. What is the tens digit of v?
5
Suppose -276*u + 16506 = -274*u - 3*z, 5*u - 41265 = z. What is the units digit of u?
3
Suppose -216*l + 6177778 = -258374. What is the thousands digit of l?
9
Let u(s) = s**2 + 21*s + 131. Let k be u(-10). What is the units digit of (1/(1/(-117)))/(k/(-84))?
8
What is the units digit of ((-960)/50*16)/(6/(-460))?
2
Let o(g) = 96*g**2 + g + 4. Let d be o(2). Suppose 727 = -5*i - k - d, 0 = -4*i - 4*k - 900. What is the hundreds digit of 5/((-5)/i)*1?
2
Let f = -426 - -478. Let u = f - -768. What is the hundreds digit of u?
8
Let l(j) = 82*j + 11. Let t be l(8). Let y = t + -403. What is the tens digit of y?
6
Let i(s) = 14*s**3 + s**2 - 2*s + 1. Let b be i(1). Let a(g) = -60 + 2*g**2 + 38 - 15*g + 6*g + 0*g - 12*g. What is the tens digit of a(b)?
7
Let u(c) = -4*c + 13. Let b be u(2). Suppose 2449 = b*a + 4*z + 745, 3*a = -4*z + 1024. Let h = a - 165. What is the hundreds digit of h?
1
Suppose -u = 5*d - 138, 0 = -3*d - 5*u + 9 + 65. What is the units digit of (-12)/d - (1 - 9840/28)?
0
Let t = 1451 + 1132. Let v = t + -1490. What is the units digit of v?
3
Suppose -2*t = -4, -t - 4*t = o - 1007. Let w = o - 694. What is the tens digit of w?
0
Suppose 0 = -716*a + 723*a - 157108. What is the ten thousands digit of a?
2
Suppose -3*i + 7725 = 4*n, -6*n = -n - 2*i - 9685. Let z = -774 + n. What is the thousands digit of z?
1
Let x = -211 + 422. Let v = x - -55. What is the units digit of v?
6
Suppose 0 = -5*y + 3016 - 916. Let t = y - 99. What is the hundreds digit of t?
3
Suppose -82274 = -8*y - 23*y. Let s = y + -1570. What is the units digit of s?
4
Let g be -3 - (-2 + 0 + 179). Let x(o) = 7*o + 228. Let k be x(10). Let p = k + g. What is the units digit of p?
8
Let h = -1298 - -8322. What is the thousands digit of h?
7
What is the hundreds digit of (-64632)/(-9) + (30/(-9) - -2) - -2?
1
Let g(b) = 39*b - 230. Let d be g(2). Let a(u) = 62*u**2 + u + 2. Let j be a(2). Let f = j + d. What is the hundreds digit of f?
1
Let h be 1 - (-2 + -2) - 1. Let f(z) = 2*z + 13 - h + 5 + 9. What is the tens digit of f(0)?
2
Let l = 17156 - 6480. What is the thousands digit of l?
0
Suppose -11*p + 10*p - 4 = 0. What is the hundreds digit of ((-36)/(-16))/(-9) - 537/p?
1
Let m = 51 - 51. Suppose m*d - 10 = -5*d + 2*x, -4*d = -3*x - 15. Suppose d = z + 3*f - 62, -5*f + 11 = -4. What is the tens digit of z?
5
Suppose 0 = 26*o - 5349 - 9679. Let m = 1365 - o. What is the tens digit of m?
8
Let p(g) be the second derivative of 3*g**5/20 - 5*g**4/4 - 11*g**3/6 - 13*g. Let o(h) be the second derivative of p(h). What is the units digit of o(6)?
8
Suppose 0 = 3*n - 3, 43*v = 48*v + 5*n - 86530. What is the ten thousands digit of v?
1
Let b = 22058 - 14150. What is the tens digit of b?
0
What is the thousands digit of 18582 + -255 - (-5)/(15/(-24))?
8
Suppose p - m + 66 = 2*m, m = -5*p - 410. Let q = -266 - p. Let i = q + 309. What is the units digit of i?
4
Suppose -16*k + 6*k + 70 = 0. Suppose 9*f - 820 = k*f. What is the units digit of f?
0
Let h(g) = 170*g + 2743. 